9/6. Suppose -2*i + 3*q = -0*i - 10, a = 3*i - 5*q - 16. What are the prime factors of 40/i + (1 - 4)?
17
Let h(w) = -2*w + 2. Let m(a) = -3*a + 3. Let l(f) = 5*h(f) - 3*m(f). Let n be l(-1). Suppose -n*y - y + 39 = x, -x = 4*y - 39. List the prime factors of x.
3, 13
Suppose 258 - 68 = 5*h + 2*c, 3*h + 2*c - 114 = 0. Let g = h + 127. List the prime factors of (16/20)/(3/g).
2, 11
Let f = 16 + -11. Suppose 2*o = 53 + f. List the prime factors of o.
29
Let b = 158 - 156. Let j(y) = -3*y**3 - 1. Let g be j(-1). What are the prime factors of g/((-21)/11 + b)?
2, 11
Suppose 0 = -3*f - 0 + 3. What are the prime factors of (f/(-3))/(8/(-48)) + 31?
3, 11
Let m be (-1)/(2/10) + -3. Let l be m/((-3)/(6/4)). Suppose 2*u + d = 21 - 9, l*d = -4*u + 20. What are the prime factors of u?
7
Let u = 36 - 66. Let b be u/(-4)*(-8)/(-12). Suppose b*g = a + 299, 4*g - g - a - 181 = 0. What are the prime factors of g?
59
Suppose -h - 120 = 4*x - 316, -2*h + 4*x + 380 = 0. Let q = -100 + h. List the prime factors of q.
2, 23
Let q(u) = -u - 9. Let r = -6 + -2. Let g be q(r). List the prime factors of (0 - (g + -19)) + 3.
23
Let r(s) = 2*s**3 - 7*s**2 + 28*s - 15. What are the prime factors of r(7)?
2, 131
Suppose 5*n + 1 = 16. Let i(z) = 5*z + 8 - z**n + 5*z**2 - 2*z**2 + 2*z**2. List the prime factors of i(6).
2
Let v(y) = -14*y - 7*y - 2*y**2 + 9 + 6*y - 6*y. What are the prime factors of v(-9)?
2, 3
Suppose -2*o + 0*o + 254 = 0. Let n = o - 7. List the prime factors of n.
2, 3, 5
Suppose 3*g - 87 = -3*v + 6, -v - 85 = -3*g. Let z = g + -12. Suppose -41 = -2*b + z. List the prime factors of b.
29
Let r(s) = s**3. Let o(g) be the third derivative of 7*g**6/120 - 7*g**5/60 + 2*g**3/3 - 2*g**2. Let c(h) = o(h) - 6*r(h). What are the prime factors of c(7)?
2
Let j(f) = -465*f**3 - f**2. Let b be j(-1). Suppose -2*o - 2*h + b = -0*h, 689 = 3*o - 4*h. What are the prime factors of (-2)/(-8) - o/(-4)?
2, 29
Let a = 2995 + 11. What are the prime factors of a?
2, 3, 167
Suppose 1798 + 7911 = 19*t. What are the prime factors of t?
7, 73
Let i = 26 + -27. Let s be 0 - (-71 + 0/i). Suppose 0 = 3*t - 3*j - 34 - 32, -3*t + 4*j = -s. List the prime factors of t.
17
Let x be 3*(-2)/12*-6. Suppose -2*g - q = -244 - 327, -x*g = q - 859. List the prime factors of g.
2, 3
Let o be (-3)/(0 - 1) - -3. Suppose 3*s - 2*s = o. Suppose v + s = -4*h + 30, -8 = 4*h. What are the prime factors of v?
2
Suppose 8*a - 3*a = 20, 3*m + 2*a - 6524 = 0. List the prime factors of m.
2, 3, 181
Let t = -7 - 0. Suppose -2*l + 0*v = 5*v + 63, l = 4*v + 1. Let o = t - l. List the prime factors of o.
2, 3
What are the prime factors of (-12)/(-20) - 4348/(-20)?
2, 109
Let b be 2/(-4) - 44/(-8). Suppose 0 = 3*w, -j - b*w = -3*j + 106. What are the prime factors of j?
53
Let w = 32 + -18. List the prime factors of w/7 + -6 - -4*21.
2, 5
Suppose z = -r + 6*r - 6600, -2*r + 3*z + 2627 = 0. List the prime factors of r.
1321
Suppose 8532 = -168*k + 177*k. List the prime factors of k.
2, 3, 79
Suppose -5*v - 35 = 4*k - 124, -3*k = 5*v - 93. What are the prime factors of v?
3, 7
Let k be 18*(-76 + 1 + 1). What are the prime factors of (k/45)/(4/(-10))?
2, 37
Suppose q - 53 + 12 = 0. Let b = 89 - q. List the prime factors of b.
2, 3
Let j(z) = z**3 + 14*z**2 - 7*z - 17. Let n be j(-14). Let k = n + -27. What are the prime factors of k?
2, 3
Suppose -2*q + 546 = 4*a, -2*a + 5*q = q - 258. Let l = 53 - a. Let g = -50 - l. What are the prime factors of g?
2
Let g(w) = w**2 + w + 1. Let j be g(3). Suppose -4*k + 21 = 2*p - 25, j = k + p. List the prime factors of k + (0/(-3) - 3).
7
Let u(j) = -7*j + 25. Let o be u(4). List the prime factors of (2/o - 1455/(-9))/1.
7, 23
Suppose 0 = 5*l - 13*l + 4192. Suppose 7*j - 4*d - l = 4*j, -5*d - 870 = -5*j. What are the prime factors of j?
2, 43
Suppose -h - 5*n = -6*n - 26, -n - 56 = -2*h. Suppose 2*r = 2, l = -2*r + r + 3. Suppose h = l*u + u. List the prime factors of u.
2, 5
Let p(f) = f**3 + 11*f**2 - 4. Let n be p(-11). Let v be (-1)/(-2) + 2/n. Suppose v = -c + 23 - 2. List the prime factors of c.
3, 7
Let k(u) = -13*u - 9. Let x be k(-5). Suppose b - 204 = -5*g, 5*b - b - x = -g. List the prime factors of g.
2, 5
Let y(g) = -g**2 + 20*g - 2. Suppose 2*j = 5*j + 5*a - 28, j = 4*a + 32. List the prime factors of y(j).
2, 31
Let o = -5149 + 8317. List the prime factors of o.
2, 3, 11
Suppose 0 = -438*v + 428*v + 5670. List the prime factors of v.
3, 7
Let d(f) = 14*f - 13. Let c be d(4). Suppose -13 = -b + c. List the prime factors of b.
2, 7
Let u(b) = 6*b**2 - 4*b - 5. Let i = -32 + 35. What are the prime factors of u(i)?
37
What are the prime factors of 4/60 + 207467/195?
2, 7, 19
Let o = -424 + 807. Suppose -5*k + 272 = -o. List the prime factors of k.
131
Let u(q) = 102*q**2 + 18*q + 17. Let b be u(-1). Suppose 2*w - 3*w + 4*h = -68, 0 = -5*w + 5*h + 325. Let g = b - w. List the prime factors of g.
37
Let v(u) = 10*u**2 + 26*u + 89. What are the prime factors of v(-13)?
11, 131
Let d = 4 + -1. List the prime factors of d.
3
Suppose -9*h = -12*h - k + 983, -309 = -h - 5*k. List the prime factors of h.
7, 47
Let t(x) = x**3 - 12*x**2 + 15*x + 9. Let f(v) = -v**2 - v + 1. Let p(h) = -3*f(h) - t(h). Let a be p(14). List the prime factors of (5 - 3) + 0 + a.
2, 3
Let j(p) = -p - 17. Let r be j(-25). List the prime factors of 3 + r + -4 + -5.
2
Let c(q) = -584*q + 124. What are the prime factors of c(-3)?
2, 7, 67
Let z be 2/(-4) - 37/(-2). Let a be (-18 - (1 + 3))/(-2). Let f = z - a. List the prime factors of f.
7
Let w be -20 + -1 - (23 - 26). Let o = 44 + w. List the prime factors of o.
2, 13
Suppose -10*x + 13262 = -3198. List the prime factors of x.
2, 823
What are the prime factors of 4/(-10) + ((-33470)/(-50) - 7)?
2, 331
Let k be (95 - 0)*(-5)/(-25)*10. Suppose -5*h + 13 = f - k, 406 = 2*f + h. What are the prime factors of f?
7, 29
Suppose -5*w + 99 = 89. Let r be (-2 - 0)*(-6)/4. Let k = r + w. List the prime factors of k.
5
Suppose -21*z + 25*z = 3*h - 5518, -4*z - 1834 = -h. What are the prime factors of h?
2, 3, 307
Let y be 3*1 - (-73 - 6). Suppose 4*o = 4*j + 204, -o - 135 = 3*j + 2*o. Let v = j + y. List the prime factors of v.
2, 17
Suppose 9*s - 86 = 21406. List the prime factors of s.
2, 3, 199
Let j(a) = -8*a**2 + 16*a - 15. Let c(r) = 7*r**2 - 16*r + 14. Let o(b) = 7*c(b) + 6*j(b). What are the prime factors of o(18)?
2, 11
List the prime factors of 41 - ((-18)/30)/((-2)/10).
2, 19
Let z(y) = 484*y**3 + y**2 + 6*y - 7. What are the prime factors of z(1)?
2, 11
List the prime factors of (((-140)/8)/(-7))/(1/358).
5, 179
Let b = -9 - -13. Let u be (-15)/b - 3/12. List the prime factors of -3 - ((-2 - -1) + u).
2
Let g(n) = 8*n + 176 - 177 - 25*n. Let c be g(1). Let y = 51 + c. What are the prime factors of y?
3, 11
Suppose 3*w - 2*r = 154 - 3, w - 41 = 3*r. List the prime factors of w.
53
Let t = 9 + -51. Let x = 69 + t. List the prime factors of 6/x - 104/(-18).
2, 3
Suppose 5*a = -0*y - y + 5428, 5*a + 5*y - 5440 = 0. What are the prime factors of a?
5, 7, 31
Let i be 3/(-1 - -4)*(232 - -5). Suppose 5*g - 427 = -4*x, 2*g + 112 = 3*x - i. List the prime factors of x.
113
Let h = -9 - -3. Let t be 4/h*-87 + -2. Suppose -t = -4*u + 132. List the prime factors of u.
47
Let k be (8 + 7)*(-54)/(-10). Suppose -4*m + 4*x = -3*m - k, 2*m + 2*x - 152 = 0. What are the prime factors of m?
7, 11
Let c be 77 - (8/4 + -2). Suppose -5*n + 552 = -p, -n + 3*p + 79 + 37 = 0. Let l = n - c. List the prime factors of l.
3, 11
Let d = -9 - 36. Let i be 151/2 + (-4)/8. Let y = d + i. What are the prime factors of y?
2, 3, 5
Let t = 45 + 105. Suppose 14*w - t = 16*w. Let v = 105 + w. List the prime factors of v.
2, 3, 5
Let k(z) = 25*z - 4 - 2 + 1 + 4. What are the prime factors of k(6)?
149
Let q = 8821 + -3712. What are the prime factors of q?
3, 13, 131
Let i(s) = s**2 + 2*s + 4. Let g(p) be the third derivative of -p**4/24 - 4*p**3/3 + 3*p**2. Let y be g(-4). List the prime factors of i(y).
2, 3
List the prime factors of (-1 + 0)*3*(-9 - 117).
2, 3, 7
Let c(y) = 11*y + 20. Let i(g) = g + 2. Let f(q) = -c(q) + 2*i(q). List the prime factors of f(-3).
11
Suppose -2548 = -3*m - 2*g - 3*g, -4195 = -5*m + 2*g. List the prime factors of m.
29
Let t(r) = -13*r**3 - 5*r**2 -